 is divided by 58?
45
Calculate the remainder when 25609 is divided by 371.
10
What is the remainder when 3520 is divided by 18?
10
What is the remainder when 10465 is divided by 1740?
25
What is the remainder when 14866 is divided by 116?
18
What is the remainder when 3441 is divided by 3408?
33
Calculate the remainder when 12522 is divided by 6219.
84
What is the remainder when 101246 is divided by 227?
4
What is the remainder when 1945556 is divided by 121?
118
What is the remainder when 5497 is divided by 60?
37
Calculate the remainder when 1026779 is divided by 545.
544
What is the remainder when 9681 is divided by 2398?
89
What is the remainder when 326615 is divided by 372?
371
What is the remainder when 8029 is divided by 451?
362
Calculate the remainder when 1284714 is divided by 25.
14
Calculate the remainder when 5098 is divided by 15.
13
What is the remainder when 6487 is divided by 6471?
16
Calculate the remainder when 70880 is divided by 489.
464
Calculate the remainder when 12881 is divided by 12880.
1
What is the remainder when 8500 is divided by 1605?
475
Calculate the remainder when 2154 is divided by 711.
21
Calculate the remainder when 563 is divided by 126.
59
What is the remainder when 8873 is divided by 2951?
20
Calculate the remainder when 1072 is divided by 462.
148
Calculate the remainder when 430375 is divided by 18.
13
What is the remainder when 41515 is divided by 1040?
955
Calculate the remainder when 1668 is divided by 237.
9
Calculate the remainder when 8734 is divided by 1157.
635
What is the remainder when 3744 is divided by 10?
4
Calculate the remainder when 819 is divided by 90.
9
What is the remainder when 2144 is divided by 934?
276
What is the remainder when 132782 is divided by 30?
2
Calculate the remainder when 109405 is divided by 109388.
17
What is the remainder when 7566 is divided by 22?
20
What is the remainder when 10837 is divided by 5412?
13
Calculate the remainder when 2863 is divided by 1430.
3
Calculate the remainder when 2096 is divided by 161.
3
Calculate the remainder when 4511 is divided by 642.
17
Calculate the remainder when 7720 is divided by 3798.
124
What is the remainder when 7579 is divided by 35?
19
Calculate the remainder when 901762 is divided by 2102.
4
What is the remainder when 15281 is divided by 4?
1
What is the remainder when 1935 is divided by 774?
387
Calculate the remainder when 56504 is divided by 28238.
28
Calculate the remainder when 2989 is divided by 56.
21
What is the remainder when 56741 is divided by 18906?
23
Calculate the remainder when 76456 is divided by 331.
326
What is the remainder when 1642 is divided by 90?
22
What is the remainder when 2306 is divided by 122?
110
Calculate the remainder when 790 is divided by 8.
6
What is the remainder when 63177 is divided by 60?
57
What is the remainder when 12024 is divided by 1715?
19
What is the remainder when 12307 is divided by 876?
43
What is the remainder when 19717 is divided by 1641?
25
Calculate the remainder when 29814 is divided by 228.
174
What is the remainder when 26708 is divided by 106?
102
What is the remainder when 17191 is divided by 181?
177
Calculate the remainder when 17836 is divided by 111.
76
What is the remainder when 3355 is divided by 713?
503
What is the remainder when 1125 is divided by 1115?
10
What is the remainder when 48640 is divided by 796?
84
What is the remainder when 41373 is divided by 960?
93
Calculate the remainder when 42573 is divided by 122.
117
Calculate the remainder when 326 is divided by 77.
18
Calculate the remainder when 210978 is divided by 154.
152
Calculate the remainder when 57504 is divided by 30.
24
Calculate the remainder when 126775 is divided by 126694.
81
What is the remainder when 6214 is divided by 125?
89
What is the remainder when 1430 is divided by 495?
440
Calculate the remainder when 3038 is divided by 218.
204
Calculate the remainder when 8127 is divided by 1987.
179
Calculate the remainder when 139088 is divided by 4346.
16
Calculate the remainder when 5700 is divided by 2039.
1622
Calculate the remainder when 4092 is divided by 21.
18
What is the remainder when 447693 is divided by 391?
389
Calculate the remainder when 8237 is divided by 80.
77
Calculate the remainder when 64855 is divided by 42.
7
What is the remainder when 3912354 is divided by 61?
58
What is the remainder when 13444 is divided by 77?
46
Calculate the remainder when 42693 is divided by 25.
18
Calculate the remainder when 124401 is divided by 1352.
17
What is the remainder when 20532 is divided by 428?
416
What is the remainder when 7511 is divided by 68?
31
What is the remainder when 131954 is divided by 8247?
2
Calculate the remainder when 1516977 is divided by 505650.
27
Calculate the remainder when 4160 is divided by 901.
556
Calculate the remainder when 42979 is divided by 5.
4
Calculate the remainder when 56874 is divided by 114.
102
What is the remainder when 19074 is divided by 38?
36
What is the remainder when 75867 is divided by 1685?
42
Calculate the remainder when 35575 is divided by 91.
85
Calculate the remainder when 257992 is divided by 103.
80
Calculate the remainder when 129611 is divided by 42.
41
What is the remainder when 424 is divided by 252?
172
What is the remainder when 1671625 is divided by 51?
49
Calculate the remainder when 118161 is divided by 30.
21
What is the remainder when 637793 is divided by 127?
126
What is the remainder when 81433 is divided by 277?
272
What is the remainder when 112769 is divided by 45?
44
What is the remainder when 5566 is divided by 137?
86
What is the remainder when 299685 is divided by 21?
15
What is the remainder when 973 is divided by 132?
49
What is the remainder when 256 is divided by 158?
98
Calculate the remainder when 4067 is divided by 44.
19
What is the remainder when 355222 is divided by 66?
10
Calculate the remainder when 13851 is divided by 49.
33
What is the remainder when 2891 is divided by 799?
494
What is the remainder when 46676 is divided by 265?
36
Calculate the remainder when 18031 is divided by 287.
237
Calculate the remainder when 5326 is divided by 13.
9
Calculate the remainder when 1415 is divided by 229.
41
What is the remainder when 116319 is divided by 38771?
6
What is the remainder when 2517 is divided by 362?
345
Calculate the remainder when 127915 is divided by 199.
157
What is the remainder when 19455 is divided by 295?
280
Calculate the remainder when 10626 is divided by 488.
378
What is the remainder when 16555 is divided by 143?
110
What is the remainder when 1162740 is divided by 314?
312
Calculate the remainder when 1155935 is divided by 385310.
5
Calculate the remainder when 13243 is divided by 73.
30
Calculate the remainder when 1117945 is divided by 32.
25
Calculate the remainder when 27003 is divided by 218.
189
Calculate the remainder when 3832 is divided by 3807.
25
Calculate the remainder when 10537 is divided by 391.
371
What is the remainder when 38304 is divided by 1670?
1564
What is the remainder when 3657 is divided by 271?
134
Calculate the remainder when 9920 is divided by 231.
218
What is the remainder when 35204 is divided by 8801?
0
What is the remainder when 34250 is divided by 155?
150
Calculate the remainder when 8110 is divided by 72.
46
Calculate the remainder when 224963 is divided by 52.
11
Calculate the remainder when 14237007 is divided by 74.
73
Calculate the remainder when 2093 is divided by 1021.
51
Calculate the remainder when 32738 is divided by 1299.
263
What is the remainder when 67751 is divided by 22568?
47
What is the remainder when 4603 is divided by 306?
13
Calculate the remainder when 138 is divided by 14.
12
What is the remainder when 5449237 is divided by 20?
17
What is the remainder when 5200 is divided by 1031?
45
What is the remainder when 203850 is divided by 4160?
10
What is the remainder when 2892 is divided by 944?
60
Calculate the remainder when 24922 is divided by 6198.
130
What is the remainder when 26998 is divided by 2206?
526
What is the remainder when 15507 is divided by 54?
9
Calculate the remainder when 5606 is divided by 239.
109
Calculate the remainder when 159697 is divided by 427.
426
What is the remainder when 2626 is d